31
Let c = 31165 - 21308. What are the prime factors of c?
9857
Let o = -90 - -92. List the prime factors of -1 + o - (-1)/(4/1860).
2, 233
Suppose 35*t = 33*t - 504. What are the prime factors of (t/(-24) - 9) + (-3306)/(-4)?
2, 3, 23
Let a(m) = -14*m - 19. Let p(h) = -2*h**2 - 8*h. Let n be p(-4). Suppose 96 = -8*l - n*l. List the prime factors of a(l).
149
Suppose 11*a - 76731 = -26395. List the prime factors of a.
2, 11, 13
Let j be (((-18)/12)/(-1))/((-15)/(-50)). Suppose 4*c = -j*b + 1876, -2*c + 5*b + 902 = -6. What are the prime factors of c?
2, 29
Let d be (-12557640)/((-90)/(-9)) + 4. List the prime factors of 3/10 - d/800.
2, 5, 157
Suppose 36 = 2*l - 4. Suppose 649 = l*q - 19*q. List the prime factors of q.
11, 59
Let l be 24/(-180) - 47/(-15). Suppose -4*v - 290 = -l*s, -4*v - v = 4*s - 335. Suppose 294 = 6*p - s. List the prime factors of p.
2
Let k(g) = -160 - 5*g + 296 - 175. List the prime factors of k(-16).
41
Let q be (6 - (15 + -7))*-2. Suppose -8*m + 9*m - 2309 = -2*i, -4648 = -4*i + q*m. List the prime factors of i.
13, 89
Suppose -3*v - 23782 = -3*z + 62501, 5*v = -2*z + 57522. What are the prime factors of z?
3, 9587
Suppose -106*o - 14664 = 110*o - 220*o. List the prime factors of o.
2, 3, 13, 47
Suppose 8 = 4*h, 3*h = -5*d - 0*d + 306. Suppose 3*z + 2*q = 395, 2*z - 212 = 3*q + d. List the prime factors of z.
7, 19
Let i(g) = 112*g - 183. Let c be i(7). Suppose 3*n + n = -1552. Let r = n + c. What are the prime factors of r?
3, 71
Suppose 3*s + 136*o = 137*o + 155913, 0 = 5*s + 4*o - 259889. What are the prime factors of s?
51973
Let i = 55885 - 20003. List the prime factors of i.
2, 7, 11, 233
Let k(r) be the third derivative of -r**5/60 - 11*r**4/6 - 65*r**3/2 + 2*r**2 - 48*r. List the prime factors of k(-20).
3, 5, 19
Suppose -21 = -3*c - 3. Let d(n) = -n - 26. Let o be d(c). List the prime factors of o/20*1/((-1)/40).
2
Suppose -j - 5*c = 410 - 5413, -5012 = -j + 4*c. What are the prime factors of j?
2, 313
Let v = -105 + 85. List the prime factors of (-8043)/(-15) + (-2 - 36/v).
2, 67
Suppose -4*j + 957 - 181 = 0. Suppose 5*w + j = 834. List the prime factors of w.
2
Suppose 2*t - 20 = -3*z, -5*t = 2*z - 3*z - 16. Let l(q) = 22*q**2 - 4*q + 1. List the prime factors of l(z).
337
Suppose 17*z - 18*z + 5*o = -51732, z - 51718 = 3*o. What are the prime factors of z?
17, 3041
Let v = 40 - 38. Suppose -v*u = -7*u - 4*f + 8, u - f = -2. What are the prime factors of 1 + (-2 - u) + 40?
3, 13
Suppose 2466 - 9182 - 10564 = -10*y. List the prime factors of y.
2, 3
Let p(c) = 8*c - 184. Let u be p(28). Suppose -22*t - 7794 = -u*t. What are the prime factors of t?
433
Suppose -6345439 - 2487091 = -229*f. What are the prime factors of f?
2, 5, 7, 19, 29
Suppose -5*n = 4*s - 3896, 0 = -4*n + 229*s - 227*s + 3122. List the prime factors of n.
2, 3, 5, 13
Let w(p) = -6*p**3 + 37*p**2 + 74*p + 515. List the prime factors of w(-20).
5, 83, 149
Let c = 1104 - 675. Suppose -2*q + c = -5*n - 739, -4*q = 3*n - 2284. List the prime factors of q.
2, 7, 41
Let r be 6 + (-14 - -10) + 2*2. Suppose c - d = 606, 7*d = 2*c + r*d - 1208. List the prime factors of c.
2, 7, 43
Let z(d) = 1115*d + 1. Let g be z(1). Suppose v - m - 2*m = 558, 2*v + m - g = 0. Suppose 5*h + x + 3*x = v, 3*h + 3*x = 333. What are the prime factors of h?
2, 3, 19
Suppose f - k = 2*f - 20, -3*f + 5*k + 68 = 0. Suppose -628 = f*a - 2560. List the prime factors of a.
2, 23
Let v(u) = u**2 + 127*u - 418. List the prime factors of v(55).
2, 11, 109
Let g(l) = 37500*l - 209. List the prime factors of g(1).
89, 419
Let m(k) = k**2 + 6*k - 9. Let u be m(-7). Let c be (1 - (-3 + 4))/u. Suppose 0 = o, -155 = -5*r - c*o + o. List the prime factors of r.
31
Suppose 31*n + 12*n + 33888 = 264798. List the prime factors of n.
2, 3, 5, 179
Let q(i) = 2*i**3 + 132*i**2 - 192*i - 16. What are the prime factors of q(-67)?
2, 3, 5, 43
Suppose -3*x + x - 5*g = -18, 0 = -2*x - 3*g + 22. Let v be ((-8)/(-14))/(2/x). Suppose -a = v*a - 1410. List the prime factors of a.
2, 3, 47
List the prime factors of 8653*(-42 + 40)*(-1)/2.
17, 509
Suppose 5*d - 5*j + 450 = 0, j + 55 = 2*d + 239. Let w = d - -101. Suppose -w*k + 1303 - 71 = 0. List the prime factors of k.
2, 11
Let o(p) = p**2 + 2*p - 23. Let l be o(0). Let t(g) = -27*g + 221. List the prime factors of t(l).
2, 421
Let a be ((-3)/9)/((-7)/126). Suppose 3*u + 0 = a. Suppose -5*q + 13 = 2*r - 2*q, -2*q = -u*r + 18. List the prime factors of r.
2
Let g(m) = -m**3 + 8*m**2. Suppose -29*h = -30*h + 8. Let t be g(h). Suppose 2*f + 5*o - 5 = -t*f, f - 4*o = 22. What are the prime factors of f?
2, 5
Let h(v) = -v**2 - 3*v + 1. Let n(d) = 1027*d**2 - d - 2. Let u(o) = 3*h(o) + n(o). List the prime factors of u(1).
5, 7, 29
Let p(k) = -k**3 + 8*k**2 + 9*k. Let n be p(9). Suppose n - 4 = -2*o. Suppose 0 = 5*s + 10, 7*s + 658 = 4*w + o*s. What are the prime factors of w?
2, 3
Let b = 102 + -96. Suppose -28 = f + n - b*n, 4*n - 32 = 2*f. What are the prime factors of f + 287 + 1 + -1?
3, 31
Let c = -30 - -33. Let b(l) = 12*l**2 - 554 + l + 554 - l**c. What are the prime factors of b(11)?
2, 3, 11
Let g = 1649 - 652. What are the prime factors of g?
997
Suppose c - 4*c - 19440 = -5*t, -4*t + 2*c = -15552. What are the prime factors of t?
2, 3
Suppose -5*z + 21160 + 31847 + 33153 = 0. What are the prime factors of z?
2, 3, 359
Suppose -13*p = -114541 + 56177 - 130214. List the prime factors of p.
2, 7253
Let q(k) = -k**2 + 23*k - 106. Let u be q(16). Let r = 3 + -3. Suppose -3*d + 2*w = -63 - 33, 2*w + u = r. List the prime factors of d.
2, 3, 5
Let k(i) be the third derivative of -i**6/120 + 2*i**5/15 - 5*i**4/8 + 2*i**3/3 + 97*i**2. List the prime factors of k(5).
2
List the prime factors of 778*13/(52/12) - 3/(-3).
5, 467
Let t = 14347 - 4471. List the prime factors of t.
2, 3, 823
Suppose 139 = -4*o - 89. Let i = o + 66. Suppose -128 = c - i*c. What are the prime factors of c?
2
Let u(x) = -4*x**3 + 2*x**2 + 2*x - 2. Let i be u(2). Let z = i - -36. What are the prime factors of 47 - ((-4)/z + (-95)/35)?
2, 5
Suppose -45*x + 10790 - 119942 = -51*x. What are the prime factors of x?
2, 3, 379
What are the prime factors of ((-4)/8)/((-105)/9212070)?
43867
Suppose -1010*a = -1009*a - 6298. What are the prime factors of a?
2, 47, 67
Let l be 4*(0 - 54/24). Let g(z) = 8*z**2 + 30*z + 36. What are the prime factors of g(l)?
2, 3, 23
Let i(u) = u**3 + 2*u**2 + 33*u - 170. List the prime factors of i(15).
2, 5, 83
Suppose 117*k - 153*k + 90360 = 0. What are the prime factors of k?
2, 5, 251
Suppose 2*b = -36 - 180. Suppose 4*v - 3*l = 657, -l + 289 = -4*v + 940. Let x = v - b. List the prime factors of x.
2, 3, 5
Let o(b) = 3*b + 25. Let k be o(2). Suppose 38*j - k*j = 3094. What are the prime factors of j?
2, 13, 17
Let z be 9 + 3 - (0 + 6). What are the prime factors of (z - (-8)/(-4)) + -6 + 255?
11, 23
Suppose 0 = 2*s - 4*l - 22448, -299*s - 56036 = -304*s - 4*l. What are the prime factors of s?
2, 2803
Suppose 19*i - 102 = 16*i. Let g be (-4)/i + 1164/68. Let l = g - 15. What are the prime factors of l?
2
Suppose n = 24 + 21. Let l = n - 41. Let k = 8 - l. List the prime factors of k.
2
Let j(m) = 45*m - 59*m + 35 - 44. Let l = -1 - 4. List the prime factors of j(l).
61
Let i = 7 - 2. Suppose 2*s + 10 = 3*x, -2*x - i*s + 0 = -13. Suppose -f = 2*k - x*f - 43, -2*k = -f - 45. What are the prime factors of k?
23
Suppose 96*d + 662400 = 128*d. List the prime factors of d.
2, 3, 5, 23
Let w be (0 - -5)*(-9)/(-15). Suppose 0 = -6*s - w*s + 468. What are the prime factors of 3596/s - 2/13?
3, 23
Let h be 1/(-3) - 225/(-27). Let f be 10/4*h/5. Suppose -k + 2*w + 3*w + 23 = 0, 0 = -4*w + f. What are the prime factors of k?
2, 7
Let t(s) = -41*s + 11 + 146*s**2 - 75*s**2 + 42*s - 66*s**2. Let h(g) = -g**3 - g + 5. Let b be h(0). What are the prime factors of t(b)?
3, 47
Let n = 15075 - 2485. What are the prime factors of n?
2, 5, 1259
Let m(j) = -15*j + 2. Let h(t) = 14*t - 4. Let p(o) = -5*h(o) - 6*m(o). List the prime factors of p(34).
2, 43
Let h(z) = -4*z**2 - 8*z - 22. Let b be h(-4). Let u = 76 + b. List the prime factors of u.
2, 11
Suppose 7*g - 3*g + 2*j = 38, 26 = 3*g + 4*j. Suppose g*o = 24 + 6. Suppose 186 = 6*v - o*v. List the prime factors of 